common divisor of x and l.
14
Let z be (-4)/(-12) + -4 + 670/6. Calculate the highest common divisor of 486 and z.
54
Let q(o) = -5*o - 7. Let s be q(8). Let k = 81 + s. Let x = 38 - k. What is the highest common factor of x and 1?
1
Let k be (-6)/(3/(60/8)). Let x = -23 + 32. Let d be (-84)/x*k/1. Calculate the highest common divisor of d and 20.
20
Let d = -156 - -161. Calculate the highest common divisor of d and 13.
1
Let z be ((-4)/(-16))/(9/180). Let l = 17 + 3. What is the highest common factor of l and z?
5
Suppose -660 = -28*k + 17*k. Calculate the greatest common divisor of k and 450.
30
Let f = -201 - -237. Let y = -174 + 318. What is the highest common factor of f and y?
36
Let b be ((-20)/8)/((-3)/(-6)). Let v(f) = -f + 4. Let w be v(b). Suppose w*q = 5*q + 140. What is the greatest common factor of q and 14?
7
Suppose 0*r + 138 = 3*r. Suppose -i + 5*d - 3 = 0, i + 7*d - 3*d = 6. Calculate the greatest common factor of r and i.
2
Let g be (27/(-36))/(1/(-68)). Calculate the greatest common divisor of g and 68.
17
Let i(h) = 6*h - 40. Let m be i(7). Suppose -313 = -3*c + m*x, 3*c + 3*x - 337 = -19. Calculate the greatest common divisor of c and 21.
21
Let q = 10195 - 5587. What is the greatest common divisor of q and 18?
18
Let p(j) = 2*j + 14. Let s be p(-4). Suppose 23 = s*f + 5. What is the greatest common factor of f and 1?
1
Let r = -11 + 11. Let t(v) = v**3 + v**2 + v + 16. Let w be t(r). Calculate the greatest common factor of w and 16.
16
Let k(j) = 7*j - 70. Let d be k(26). Calculate the greatest common divisor of 49 and d.
7
Let c be 10/(-4)*(-3 + 1028/(-20)). Suppose -3*t = -2*t. Let n be 0/3 + (t - -17). What is the highest common divisor of c and n?
17
Suppose 6 = -p + 4*p. Suppose 5*c + 4*c - 108 = 0. Calculate the greatest common factor of p and c.
2
Let a(z) = -3 - 7 - 4*z - 2 - 6*z. Let d be a(-6). Let j be d/(-14)*(-15 + 1). What is the highest common divisor of 16 and j?
16
Suppose r - 4 = -h, 5*r + 0 + 4 = 3*h. Let n be h - (1 + -2)*-23. Let q = n - -40. What is the greatest common divisor of q and 8?
4
Suppose -2*f + 10 = 2*q + 4, q = 2*f - 3. Suppose 0 = -2*t - 2, f*g - 4*t = g + 100. What is the highest common divisor of g and 64?
32
Let m = -1506 - -1513. Calculate the greatest common factor of m and 672.
7
Suppose -84 = -3*o - 18. Let u = -59 + 61. Suppose -z = 3*v - 161, -u = z + 2. What is the highest common factor of v and o?
11
Let v be -1*(-8 - (-22)/(-2)). Calculate the highest common factor of 13 and v.
1
Suppose 0 = -f - r + 229, 0 = 4*f - 2*f + 5*r - 452. Let x = 48 - 27. What is the highest common divisor of x and f?
21
Suppose 465*v - 2415 = 458*v. What is the greatest common divisor of 30 and v?
15
Suppose -46*x = -22*x - 288. Calculate the greatest common divisor of x and 576.
12
Let z(g) = 5*g - 24. Let l = 10 - 2. Let d be z(l). What is the highest common divisor of 16 and d?
16
Let o(h) = -9*h**2 + 32*h - 7. Let t(q) = -q**2 + q - 1. Let s(i) = o(i) - 6*t(i). Let l be s(8). What is the greatest common factor of l and 180?
15
Let f(k) = k + 24. Let i be f(0). Suppose 3*c + 0*t - 2*t = 23, -2*c + i = 3*t. Let q be 2*189/(-56)*-12. Calculate the greatest common divisor of c and q.
9
Let v(l) = -l**3 + 11*l**2 - 8*l - 4. Let s be v(10). Suppose 5*r - 2123 - 2277 = 0. Suppose w + 4*w - r = 0. What is the greatest common factor of w and s?
16
Let r be 11736/45 + 4/(-5). Calculate the highest common factor of r and 20.
20
Let b(l) = 2*l**2 - 9*l + 12. Let p be b(2). Let a = 15 + 9. What is the greatest common factor of p and a?
2
Let m = -12 + 16. Let d = 6 + m. Let q = 20 - 10. What is the highest common divisor of d and q?
10
Let g be (-2 + (-6)/(-8))*-4. Let i be (-1 - g)*(-1 - -3). Let t(y) = y**2 + 9*y - 8. Let m be t(i). Calculate the greatest common divisor of 4 and m.
4
Let b = -65 + 44. Suppose 0 = -d - 3*d + 100. Let z = d + b. What is the greatest common factor of 16 and z?
4
Let h(r) = r**3 - 5*r**2 - 7*r - 12. Let c be h(7). Calculate the highest common factor of 185 and c.
37
Suppose 0 = -i - u, -3*i + 32 = -3*u - 2*u. Suppose i*r = -0*r + 560. Calculate the greatest common factor of 20 and r.
20
Suppose 3*n - u + 83 = 7*n, -u - 17 = -n. Let y be (4/2)/(10/(-45)). Let z = y + n. Calculate the greatest common divisor of z and 22.
11
Suppose 38*a = 37*a + 31. Suppose 3*w - 21 = -6. Suppose -w*u = -a - 169. What is the greatest common divisor of 5 and u?
5
Let v(l) be the third derivative of 7*l**4/24 + l**3/3 + 34*l**2. Suppose 4 = -2*x + 3*x. Let w be v(x). What is the greatest common divisor of 10 and w?
10
Let c = -598 + 638. Calculate the highest common divisor of 20 and c.
20
Let x = -491 - -505. What is the greatest common factor of x and 350?
14
Let f(m) = -2*m**3 - 48*m**2 - 2*m - 3. Let s be f(-24). Calculate the greatest common factor of s and 255.
15
Let u(b) = b + 20. Let w be u(0). Let r = w + -2. Let m be (-945)/(-54) + 3/6. Calculate the highest common factor of m and r.
18
Let p be (-1*1)/((-9)/(-18)). Let z = p + -2. Let v be (-424)/(-10) - z/(-10). What is the greatest common factor of 105 and v?
21
Let x be (12/5)/(2/80). Let t be 4*((-51)/(-2))/3. Let y be (-1)/(-2) - (-391)/t. Calculate the highest common factor of y and x.
12
Suppose 122 = 5*a - f, -5*f - 2 = -4*f. Suppose 2*b - 104 = 88. Calculate the greatest common divisor of b and a.
24
Suppose -77*q + 18525 = -20*q. What is the greatest common factor of q and 260?
65
Let t be (-36)/(-3)*(-10)/(-15). What is the highest common factor of t and 10?
2
Suppose 15*g - 2992 = 7*g. Calculate the greatest common factor of 22 and g.
22
Let a = 285 + 208. What is the greatest common factor of a and 58?
29
Let g = 1 + 6. Let c(j) = 1 + 5*j - g + 1. Let w be c(2). What is the highest common divisor of w and 35?
5
Let f = -200 + 250. What is the greatest common factor of 1350 and f?
50
Let x(n) = -2*n**2 - 13*n - 4. Let r be x(-7). Let i = r + 29. What is the highest common factor of 12 and i?
6
Suppose 4*r - 14 = -2*z, -5*z + 2*r + 2 = -3*z. Let w be -2*z/(-3)*-24. Let j = -26 - w. Calculate the highest common factor of 154 and j.
22
Let u be (-4)/(-6)*(75 + (3 - -3)). Calculate the greatest common divisor of 378 and u.
54
Suppose -4*g - 9 = 3*o - 29, -5*g = 4*o - 25. Calculate the greatest common divisor of g and 245.
5
Suppose -4*b = -4*l - l + 1433, 8*l - 2*b = 2284. What is the highest common divisor of 57 and l?
57
Suppose -5*p + t = -2*t - 153, 5*t = -5*p + 185. Let h = -30 + p. Calculate the greatest common factor of 24 and h.
3
Let f be 4*6 - (-4 + 5). Suppose 3*x - 37 = f. What is the greatest common factor of x and 20?
20
Let c(x) = x**2 - 2*x + 2. Let f(u) = -u + 3. Let z be f(5). Let o be c(z). What is the highest common factor of o and 50?
10
Let u = 102 - 18. What is the greatest common factor of 924 and u?
84
Let y = -46 + 101. Suppose 5*n + 1 = 46. Let z(t) = 2*t - 13. Let x be z(n). What is the greatest common divisor of y and x?
5
Let r = -18 - -19. Let n(v) = 30*v - 3. Let s be n(r). What is the greatest common factor of s and 54?
27
Let t = -51 - -46. Let q(n) = n**2 + 3*n - 9. Let v be q(t). What is the highest common factor of v and 16?
1
Suppose 13*d = 2*d + 704. What is the highest common factor of d and 24?
8
Let v = -1 - -20. Let s be ((-24)/42*196/168)/(4/(-1026)). What is the greatest common factor of s and v?
19
Let v(p) = -4*p**3 + 40*p**2 + 3*p - 22. Let x be v(10). Suppose 4*j - 426 = -5*m, 0 = 4*j + j + 4*m - 528. Calculate the highest common divisor of j and x.
8
Suppose 12*q = 187 + 221. Calculate the highest common divisor of 544 and q.
34
Let w(l) = -l**2 - 39*l - 346. Let c be w(-25). Calculate the highest common factor of c and 1996.
4
Suppose 2*t = 3*i + 1040, t - 1560 = -2*t - 5*i. What is the highest common divisor of 40 and t?
40
Suppose 0 = -4*v + d + 2208, v - 18*d - 559 = -16*d. What is the highest common divisor of v and 116?
29
Suppose -10 - 23 = -11*n. What is the highest common divisor of n and 51?
3
Suppose n = -n + 6. Suppose n*m = -4*f + 38, -2*f - 2*m + 24 = 2*m. What is the highest common divisor of 16 and f?
8
Let h(w) = 19*w**3 + 2*w**2 - 5*w - 12. Let n be h(4). Calculate the greatest common factor of 38 and n.
38
Let u be 52/(-10 + 14) - (3 + 0). Calculate the